{"id":139,"date":"2022-06-12T21:55:12","date_gmt":"2022-06-12T19:55:12","guid":{"rendered":"https:\/\/www.tvgrebin.de\/?page_id=139"},"modified":"2022-08-20T09:25:32","modified_gmt":"2022-08-20T07:25:32","slug":"nordic-walking","status":"publish","type":"page","link":"https:\/\/www.tvgrebin.de\/index.php\/sportangebote\/nordic-walking\/","title":{"rendered":"Nordic-Walking"},"content":{"rendered":"\n<div class=\"wp-block-columns is-layout-flex wp-container-core-columns-is-layout-9d6595d7 wp-block-columns-is-layout-flex\">\n<div class=\"wp-block-column is-layout-flow wp-block-column-is-layout-flow\">\n<h4 style=\"text-align: center;\">Der Ausdauersport f\u00fcr Jeden!<\/h4>\n<h4 style=\"text-align: center;\">Ob jung, ob alt, ob Profi oder Neueinsteiger*in &#8211; bei jedem Wetter ist Fitness m\u00f6glich!<\/h4>\n<\/div>\n<\/div>\n\n\n\n<div class=\"wp-block-columns is-layout-flex wp-container-core-columns-is-layout-9d6595d7 wp-block-columns-is-layout-flex\">\n<div class=\"wp-block-column is-layout-flow wp-block-column-is-layout-flow\" style=\"flex-basis:66.66%\">\n<p style=\"text-align: left;\">Diese Gruppe wird angeleitet von Ruth Mielke.<\/p>\n<p>Bereits seit 2013 existiert unsere Nordic-Walking Sparte unter ihrer Leitung und wird von verschiedensten Sportler*innen aus den unterschiedlichsten Altersgruppen genutzt.<\/p>\n<\/div>\n\n\n\n<div class=\"wp-block-column is-layout-flow wp-block-column-is-layout-flow\" style=\"flex-basis:33.33%\">\n<figure class=\"wp-block-image size-full\"><img loading=\"lazy\" decoding=\"async\" width=\"1024\" height=\"768\" src=\"https:\/\/www.tvgrebin.de\/wp-content\/uploads\/2022\/08\/Ruth-Mielke.jpg\" alt=\"\" class=\"wp-image-256\" srcset=\"https:\/\/www.tvgrebin.de\/wp-content\/uploads\/2022\/08\/Ruth-Mielke.jpg 1024w, https:\/\/www.tvgrebin.de\/wp-content\/uploads\/2022\/08\/Ruth-Mielke-300x225.jpg 300w, https:\/\/www.tvgrebin.de\/wp-content\/uploads\/2022\/08\/Ruth-Mielke-768x576.jpg 768w, https:\/\/www.tvgrebin.de\/wp-content\/uploads\/2022\/08\/Ruth-Mielke-339x254.jpg 339w\" sizes=\"auto, (max-width: 1024px) 100vw, 1024px\" \/><\/figure>\n<\/div>\n<\/div>\n\n\n<h4 style=\"text-align: center;\">Sport direkt vor der Haust\u00fcr<\/h4>\n<p>Nordic-Walking bietet nicht nur die M\u00f6glichkeit bei jeder Jahreszeit und bei jedem Wetter an der frischen Luft die Ausdauer zu f\u00f6rdern, sondern kann selbst von Menschen mit einem sportlichen Handicap oder von Sportler*innen im h\u00f6heren Alter gleicherma\u00dfen wahrgenommen werden.<\/p>\n<p>Es ist leicht erlernbar, braucht wenig Vorkenntnisse und ist kosteng\u00fcnstig.<\/p>\n<p>Die Nordic-Walking Gruppe des TV Grebin wird sehr aktiv besucht und freut sich jederzeit \u00fcber Neuzug\u00e4nge, Interessierte oder nur gelegentliche Teilnehmende.<\/p>\n<p>Zur Zeit finden die Treffen an folgenden Tagen statt:<\/p>\n<p style=\"text-align: center;\"><strong>Dienstag,<\/strong> <strong>Donnerstag, Samstag, Sonntag: um 9.00 Uhr<\/strong><\/p>\n<p style=\"text-align: center;\"><strong>Mittwoch: um 11.00 Uhr<\/strong><\/p>\n<p>Treffpunkt ist der <a href=\"https:\/\/www.google.com\/maps\/place\/54%C2%B011'40.5%22N+10%C2%B029'26.0%22E\/@54.1946866,10.4906827,19.04z\/data=!4m6!3m5!1s0!7e2!8m2!3d54.1945853!4d10.4905419\">M\u00fchlengrundwendehammer<\/a> in Grebin. An verschiedenen Punkten k\u00f6nnen Sportler*innen auf der ca. 4 km langen Strecke dazu sto\u00dfen.<\/p>\n<p>Jeder wird hier mitgenommen!<\/p>\n<p>J\u00e4hrlich finden zwei fest etablierte Ausfl\u00fcge um den Ukleisee und an die Ostsee statt.<\/p>\n\n\n<div class=\"wp-block-columns is-layout-flex wp-container-core-columns-is-layout-9d6595d7 wp-block-columns-is-layout-flex\">\n<div class=\"wp-block-column is-layout-flow wp-block-column-is-layout-flow\" style=\"flex-basis:66.66%\">\n<p>Kontakt kann direkt an die Spartenleiterin erfolgen unter:<\/p>\n<p>Tel.: <a href=\"tel:04383-472\">04383-472<\/a><\/p>\n<p>Mobil: <a href=\"tel:0172 6304455\">0172 6304455<\/a><\/p>\n<p>auch per WhattsApp oder per Mail ist Ruth f\u00fcr euch erreichbar.<\/p>\n<p>Mail: <a href=\"mailto:ruthmielke@gmx.de\">ruthmielke@gmx.de<\/a><\/p>\n<p>Nat\u00fcrlich kann auch der Kontakt \u00fcber das Kontaktformular erfolgen<\/p>\n<\/div>\n\n\n\n<div class=\"wp-block-column is-layout-flow wp-block-column-is-layout-flow\" style=\"flex-basis:33.33%\">\n<figure class=\"wp-block-image size-large\"><img loading=\"lazy\" decoding=\"async\" width=\"1024\" height=\"683\" src=\"https:\/\/www.tvgrebin.de\/wp-content\/uploads\/2022\/08\/didier-provost-GHgiyXgDn4c-unsplash-1024x683.jpg\" alt=\"\" class=\"wp-image-258\" srcset=\"https:\/\/www.tvgrebin.de\/wp-content\/uploads\/2022\/08\/didier-provost-GHgiyXgDn4c-unsplash-1024x683.jpg 1024w, https:\/\/www.tvgrebin.de\/wp-content\/uploads\/2022\/08\/didier-provost-GHgiyXgDn4c-unsplash-300x200.jpg 300w, https:\/\/www.tvgrebin.de\/wp-content\/uploads\/2022\/08\/didier-provost-GHgiyXgDn4c-unsplash-768x512.jpg 768w, https:\/\/www.tvgrebin.de\/wp-content\/uploads\/2022\/08\/didier-provost-GHgiyXgDn4c-unsplash-1536x1024.jpg 1536w, https:\/\/www.tvgrebin.de\/wp-content\/uploads\/2022\/08\/didier-provost-GHgiyXgDn4c-unsplash-2048x1365.jpg 2048w, https:\/\/www.tvgrebin.de\/wp-content\/uploads\/2022\/08\/didier-provost-GHgiyXgDn4c-unsplash-270x180.jpg 270w, https:\/\/www.tvgrebin.de\/wp-content\/uploads\/2022\/08\/didier-provost-GHgiyXgDn4c-unsplash-770x515.jpg 770w, https:\/\/www.tvgrebin.de\/wp-content\/uploads\/2022\/08\/didier-provost-GHgiyXgDn4c-unsplash-369x246.jpg 369w, https:\/\/www.tvgrebin.de\/wp-content\/uploads\/2022\/08\/didier-provost-GHgiyXgDn4c-unsplash-99x66.jpg 99w, https:\/\/www.tvgrebin.de\/wp-content\/uploads\/2022\/08\/didier-provost-GHgiyXgDn4c-unsplash-scaled.jpg 1200w\" sizes=\"auto, (max-width: 1024px) 100vw, 1024px\" \/><\/figure>\n<\/div>\n<\/div>\n","protected":false},"excerpt":{"rendered":"<p>Der Ausdauersport f\u00fcr Jeden! Ob jung, ob alt, ob Profi oder Neueinsteiger*in &#8211; bei jedem Wetter ist Fitness m\u00f6glich! Diese Gruppe wird angeleitet von Ruth Mielke. Bereits seit 2013 existiert unsere Nordic-Walking Sparte unter ihrer Leitung und wird von verschiedensten Sportler*innen aus den unterschiedlichsten Altersgruppen genutzt. Sport direkt vor der Haust\u00fcr Nordic-Walking bietet nicht nur<\/p>\n<div class=\"read-more\"><a href=\"https:\/\/www.tvgrebin.de\/index.php\/sportangebote\/nordic-walking\/\" title=\"Read More\">Weiterlesen<i class=\"icon icon-angle-right\"><\/i><\/a><\/div>\n","protected":false},"author":2,"featured_media":257,"parent":22,"menu_order":0,"comment_status":"open","ping_status":"closed","template":"","meta":{"footnotes":""},"class_list":["post-139","page","type-page","status-publish","has-post-thumbnail"],"yoast_head":"<!-- This site is optimized with the Yoast SEO plugin v27.5 - https:\/\/yoast.com\/product\/yoast-seo-wordpress\/ -->\n<title>Nordic-Walking - TV Grebin<\/title>\n<meta name=\"robots\" content=\"index, follow, max-snippet:-1, max-image-preview:large, max-video-preview:-1\" \/>\n<link rel=\"canonical\" href=\"https:\/\/www.tvgrebin.de\/index.php\/sportangebote\/nordic-walking\/\" \/>\n<meta property=\"og:locale\" content=\"de_DE\" \/>\n<meta property=\"og:type\" content=\"article\" \/>\n<meta property=\"og:title\" content=\"Nordic-Walking - TV Grebin\" \/>\n<meta property=\"og:description\" content=\"Der Ausdauersport f\u00fcr Jeden! Ob jung, ob alt, ob Profi oder Neueinsteiger*in &#8211; bei jedem Wetter ist Fitness m\u00f6glich! Diese Gruppe wird angeleitet von Ruth Mielke. Bereits seit 2013 existiert unsere Nordic-Walking Sparte unter ihrer Leitung und wird von verschiedensten Sportler*innen aus den unterschiedlichsten Altersgruppen genutzt. Sport direkt vor der Haust\u00fcr Nordic-Walking bietet nicht nurWeiterlesen\" \/>\n<meta property=\"og:url\" content=\"https:\/\/www.tvgrebin.de\/index.php\/sportangebote\/nordic-walking\/\" \/>\n<meta property=\"og:site_name\" content=\"TV Grebin\" \/>\n<meta property=\"article:modified_time\" content=\"2022-08-20T07:25:32+00:00\" \/>\n<meta property=\"og:image\" content=\"https:\/\/www.tvgrebin.de\/wp-content\/uploads\/2022\/08\/markus-spiske-pWeGGQctqz4-unsplash-scaled.jpg\" \/>\n\t<meta property=\"og:image:width\" content=\"1706\" \/>\n\t<meta property=\"og:image:height\" content=\"2560\" \/>\n\t<meta property=\"og:image:type\" content=\"image\/jpeg\" \/>\n<meta name=\"twitter:card\" content=\"summary_large_image\" \/>\n<meta name=\"twitter:label1\" content=\"Gesch\u00e4tzte Lesezeit\" \/>\n\t<meta name=\"twitter:data1\" content=\"2\u00a0Minuten\" \/>\n<script type=\"application\/ld+json\" class=\"yoast-schema-graph\">{\"@context\":\"https:\\\/\\\/schema.org\",\"@graph\":[{\"@type\":\"WebPage\",\"@id\":\"https:\\\/\\\/www.tvgrebin.de\\\/index.php\\\/sportangebote\\\/nordic-walking\\\/\",\"url\":\"https:\\\/\\\/www.tvgrebin.de\\\/index.php\\\/sportangebote\\\/nordic-walking\\\/\",\"name\":\"Nordic-Walking - TV Grebin\",\"isPartOf\":{\"@id\":\"https:\\\/\\\/www.tvgrebin.de\\\/#website\"},\"primaryImageOfPage\":{\"@id\":\"https:\\\/\\\/www.tvgrebin.de\\\/index.php\\\/sportangebote\\\/nordic-walking\\\/#primaryimage\"},\"image\":{\"@id\":\"https:\\\/\\\/www.tvgrebin.de\\\/index.php\\\/sportangebote\\\/nordic-walking\\\/#primaryimage\"},\"thumbnailUrl\":\"https:\\\/\\\/www.tvgrebin.de\\\/wp-content\\\/uploads\\\/2022\\\/08\\\/markus-spiske-pWeGGQctqz4-unsplash-scaled.jpg\",\"datePublished\":\"2022-06-12T19:55:12+00:00\",\"dateModified\":\"2022-08-20T07:25:32+00:00\",\"breadcrumb\":{\"@id\":\"https:\\\/\\\/www.tvgrebin.de\\\/index.php\\\/sportangebote\\\/nordic-walking\\\/#breadcrumb\"},\"inLanguage\":\"de\",\"potentialAction\":[{\"@type\":\"ReadAction\",\"target\":[\"https:\\\/\\\/www.tvgrebin.de\\\/index.php\\\/sportangebote\\\/nordic-walking\\\/\"]}]},{\"@type\":\"ImageObject\",\"inLanguage\":\"de\",\"@id\":\"https:\\\/\\\/www.tvgrebin.de\\\/index.php\\\/sportangebote\\\/nordic-walking\\\/#primaryimage\",\"url\":\"https:\\\/\\\/www.tvgrebin.de\\\/wp-content\\\/uploads\\\/2022\\\/08\\\/markus-spiske-pWeGGQctqz4-unsplash-scaled.jpg\",\"contentUrl\":\"https:\\\/\\\/www.tvgrebin.de\\\/wp-content\\\/uploads\\\/2022\\\/08\\\/markus-spiske-pWeGGQctqz4-unsplash-scaled.jpg\",\"width\":800,\"height\":1200},{\"@type\":\"BreadcrumbList\",\"@id\":\"https:\\\/\\\/www.tvgrebin.de\\\/index.php\\\/sportangebote\\\/nordic-walking\\\/#breadcrumb\",\"itemListElement\":[{\"@type\":\"ListItem\",\"position\":1,\"name\":\"Startseite\",\"item\":\"https:\\\/\\\/www.tvgrebin.de\\\/\"},{\"@type\":\"ListItem\",\"position\":2,\"name\":\"Sportangebote\",\"item\":\"https:\\\/\\\/www.tvgrebin.de\\\/index.php\\\/sportangebote\\\/\"},{\"@type\":\"ListItem\",\"position\":3,\"name\":\"Nordic-Walking\"}]},{\"@type\":\"WebSite\",\"@id\":\"https:\\\/\\\/www.tvgrebin.de\\\/#website\",\"url\":\"https:\\\/\\\/www.tvgrebin.de\\\/\",\"name\":\"TV Grebin\",\"description\":\"Turn- und Sportverein von 1927\",\"publisher\":{\"@id\":\"https:\\\/\\\/www.tvgrebin.de\\\/#organization\"},\"potentialAction\":[{\"@type\":\"SearchAction\",\"target\":{\"@type\":\"EntryPoint\",\"urlTemplate\":\"https:\\\/\\\/www.tvgrebin.de\\\/?s={search_term_string}\"},\"query-input\":{\"@type\":\"PropertyValueSpecification\",\"valueRequired\":true,\"valueName\":\"search_term_string\"}}],\"inLanguage\":\"de\"},{\"@type\":\"Organization\",\"@id\":\"https:\\\/\\\/www.tvgrebin.de\\\/#organization\",\"name\":\"TV Grebin\",\"url\":\"https:\\\/\\\/www.tvgrebin.de\\\/\",\"logo\":{\"@type\":\"ImageObject\",\"inLanguage\":\"de\",\"@id\":\"https:\\\/\\\/www.tvgrebin.de\\\/#\\\/schema\\\/logo\\\/image\\\/\",\"url\":\"\",\"contentUrl\":\"\",\"caption\":\"TV Grebin\"},\"image\":{\"@id\":\"https:\\\/\\\/www.tvgrebin.de\\\/#\\\/schema\\\/logo\\\/image\\\/\"}}]}<\/script>\n<!-- \/ Yoast SEO plugin. -->","yoast_head_json":{"title":"Nordic-Walking - TV Grebin","robots":{"index":"index","follow":"follow","max-snippet":"max-snippet:-1","max-image-preview":"max-image-preview:large","max-video-preview":"max-video-preview:-1"},"canonical":"https:\/\/www.tvgrebin.de\/index.php\/sportangebote\/nordic-walking\/","og_locale":"de_DE","og_type":"article","og_title":"Nordic-Walking - TV Grebin","og_description":"Der Ausdauersport f\u00fcr Jeden! Ob jung, ob alt, ob Profi oder Neueinsteiger*in &#8211; bei jedem Wetter ist Fitness m\u00f6glich! Diese Gruppe wird angeleitet von Ruth Mielke. Bereits seit 2013 existiert unsere Nordic-Walking Sparte unter ihrer Leitung und wird von verschiedensten Sportler*innen aus den unterschiedlichsten Altersgruppen genutzt. Sport direkt vor der Haust\u00fcr Nordic-Walking bietet nicht nurWeiterlesen","og_url":"https:\/\/www.tvgrebin.de\/index.php\/sportangebote\/nordic-walking\/","og_site_name":"TV Grebin","article_modified_time":"2022-08-20T07:25:32+00:00","og_image":[{"width":1706,"height":2560,"url":"https:\/\/www.tvgrebin.de\/wp-content\/uploads\/2022\/08\/markus-spiske-pWeGGQctqz4-unsplash-scaled.jpg","type":"image\/jpeg"}],"twitter_card":"summary_large_image","twitter_misc":{"Gesch\u00e4tzte Lesezeit":"2\u00a0Minuten"},"schema":{"@context":"https:\/\/schema.org","@graph":[{"@type":"WebPage","@id":"https:\/\/www.tvgrebin.de\/index.php\/sportangebote\/nordic-walking\/","url":"https:\/\/www.tvgrebin.de\/index.php\/sportangebote\/nordic-walking\/","name":"Nordic-Walking - TV Grebin","isPartOf":{"@id":"https:\/\/www.tvgrebin.de\/#website"},"primaryImageOfPage":{"@id":"https:\/\/www.tvgrebin.de\/index.php\/sportangebote\/nordic-walking\/#primaryimage"},"image":{"@id":"https:\/\/www.tvgrebin.de\/index.php\/sportangebote\/nordic-walking\/#primaryimage"},"thumbnailUrl":"https:\/\/www.tvgrebin.de\/wp-content\/uploads\/2022\/08\/markus-spiske-pWeGGQctqz4-unsplash-scaled.jpg","datePublished":"2022-06-12T19:55:12+00:00","dateModified":"2022-08-20T07:25:32+00:00","breadcrumb":{"@id":"https:\/\/www.tvgrebin.de\/index.php\/sportangebote\/nordic-walking\/#breadcrumb"},"inLanguage":"de","potentialAction":[{"@type":"ReadAction","target":["https:\/\/www.tvgrebin.de\/index.php\/sportangebote\/nordic-walking\/"]}]},{"@type":"ImageObject","inLanguage":"de","@id":"https:\/\/www.tvgrebin.de\/index.php\/sportangebote\/nordic-walking\/#primaryimage","url":"https:\/\/www.tvgrebin.de\/wp-content\/uploads\/2022\/08\/markus-spiske-pWeGGQctqz4-unsplash-scaled.jpg","contentUrl":"https:\/\/www.tvgrebin.de\/wp-content\/uploads\/2022\/08\/markus-spiske-pWeGGQctqz4-unsplash-scaled.jpg","width":800,"height":1200},{"@type":"BreadcrumbList","@id":"https:\/\/www.tvgrebin.de\/index.php\/sportangebote\/nordic-walking\/#breadcrumb","itemListElement":[{"@type":"ListItem","position":1,"name":"Startseite","item":"https:\/\/www.tvgrebin.de\/"},{"@type":"ListItem","position":2,"name":"Sportangebote","item":"https:\/\/www.tvgrebin.de\/index.php\/sportangebote\/"},{"@type":"ListItem","position":3,"name":"Nordic-Walking"}]},{"@type":"WebSite","@id":"https:\/\/www.tvgrebin.de\/#website","url":"https:\/\/www.tvgrebin.de\/","name":"TV Grebin","description":"Turn- und Sportverein von 1927","publisher":{"@id":"https:\/\/www.tvgrebin.de\/#organization"},"potentialAction":[{"@type":"SearchAction","target":{"@type":"EntryPoint","urlTemplate":"https:\/\/www.tvgrebin.de\/?s={search_term_string}"},"query-input":{"@type":"PropertyValueSpecification","valueRequired":true,"valueName":"search_term_string"}}],"inLanguage":"de"},{"@type":"Organization","@id":"https:\/\/www.tvgrebin.de\/#organization","name":"TV Grebin","url":"https:\/\/www.tvgrebin.de\/","logo":{"@type":"ImageObject","inLanguage":"de","@id":"https:\/\/www.tvgrebin.de\/#\/schema\/logo\/image\/","url":"","contentUrl":"","caption":"TV Grebin"},"image":{"@id":"https:\/\/www.tvgrebin.de\/#\/schema\/logo\/image\/"}}]}},"_links":{"self":[{"href":"https:\/\/www.tvgrebin.de\/index.php\/wp-json\/wp\/v2\/pages\/139","targetHints":{"allow":["GET"]}}],"collection":[{"href":"https:\/\/www.tvgrebin.de\/index.php\/wp-json\/wp\/v2\/pages"}],"about":[{"href":"https:\/\/www.tvgrebin.de\/index.php\/wp-json\/wp\/v2\/types\/page"}],"author":[{"embeddable":true,"href":"https:\/\/www.tvgrebin.de\/index.php\/wp-json\/wp\/v2\/users\/2"}],"replies":[{"embeddable":true,"href":"https:\/\/www.tvgrebin.de\/index.php\/wp-json\/wp\/v2\/comments?post=139"}],"version-history":[{"count":4,"href":"https:\/\/www.tvgrebin.de\/index.php\/wp-json\/wp\/v2\/pages\/139\/revisions"}],"predecessor-version":[{"id":263,"href":"https:\/\/www.tvgrebin.de\/index.php\/wp-json\/wp\/v2\/pages\/139\/revisions\/263"}],"up":[{"embeddable":true,"href":"https:\/\/www.tvgrebin.de\/index.php\/wp-json\/wp\/v2\/pages\/22"}],"wp:featuredmedia":[{"embeddable":true,"href":"https:\/\/www.tvgrebin.de\/index.php\/wp-json\/wp\/v2\/media\/257"}],"wp:attachment":[{"href":"https:\/\/www.tvgrebin.de\/index.php\/wp-json\/wp\/v2\/media?parent=139"}],"curies":[{"name":"wp","href":"https:\/\/api.w.org\/{rel}","templated":true}]}}