{"id":1009,"date":"2023-01-28T10:57:02","date_gmt":"2023-01-28T09:57:02","guid":{"rendered":"https:\/\/www.tvgrebin.de\/?page_id=1009"},"modified":"2023-01-28T12:17:59","modified_gmt":"2023-01-28T11:17:59","slug":"strong-nation","status":"publish","type":"page","link":"https:\/\/www.tvgrebin.de\/index.php\/sportangebote\/strong-nation\/","title":{"rendered":"STRONG Nation\u00ae"},"content":{"rendered":"\n<div class=\"wp-block-columns is-layout-flex wp-container-core-columns-is-layout-9d6595d7 wp-block-columns-is-layout-flex\">\n<div class=\"wp-block-column is-layout-flow wp-block-column-is-layout-flow\" style=\"flex-basis:66.66%\">\n<h3>Was verbirgt sich hinter dieser Sportart?<\/h3>\n<p>STRONG Nation\u00ae ist ein muskelbasiertes, hochintensives Trainigsprogramm (HIIT), das Eigengewichts\u00fcbungen, Krafttraining und Cardio-\u00dcbungen kombiniert.<\/p>\n<blockquote>\n<p style=\"text-align: center;\">Nichts motiviert so stark wie Musik.<\/p>\n<\/blockquote>\n<p style=\"text-align: center;\">Sie bringt dich dazu, dein Workout durchzuziehen, bis du die letzte Wiederholung geschafft hast &#8211; und dann noch eine!<\/p>\n<\/div>\n\n\n\n<div class=\"wp-block-column is-layout-flow wp-block-column-is-layout-flow\" style=\"flex-basis:33.33%\"><\/div>\n<\/div>\n\n\n\n<div class=\"wp-block-columns is-layout-flex wp-container-core-columns-is-layout-9d6595d7 wp-block-columns-is-layout-flex\">\n<div class=\"wp-block-column is-layout-flow wp-block-column-is-layout-flow\">\n<p style=\"text-align: center;\">Jedes Workout beginnt mit einem kurzen Warm-up und endet mit einem Cooldown. Dazwischen trainieren wir in <strong>vier Kernphasen<\/strong> &#8211; den so genannten vier Quadranten:<\/p>\n<p style=\"text-align: center;\"><strong>Ignite, Fire Up, Push your Limits und Floorplay.<\/strong><\/p>\n<hr>\n<p style=\"text-align: center;\">Ein richtig effektives Ganzk\u00f6rpertraining also!<\/p>\n<ol>\n<li><span style=\"color: #ffcc00;\"><b>Ignite<\/b><\/span> (Z\u00fcnden): Im ersten Teil stehen Kraft\u00fcbungen &#8211; wie Squats, Lunges und Planks &#8211; im Vordergrund, um die Muskulatur etwas anzuheizen.<\/li>\n<li><span style=\"color: #ff9900;\"><b>Fire Up<\/b><\/span> (Hochfeuern): In Runde zwei ist der Name Programm! Dank der High Intensity Intervalle wird der Kreislauf richtig auf Hochtouren gebracht. Anstrengende Phasen und aktive Pause wechseln sich hier st\u00e4ndig ab. Eine gute Vorbereitung f\u00fcr den n\u00e4chsten, noch h\u00e4rteren Quadranten Nr. 3.<\/li>\n<li><b><span style=\"color: #ff0000;\">Push Your Limits<\/span><\/b> (Geh an Deine Grenzen): In Phase drei gehen wir an unsere Workout-Grenzen &#8211; wer hier au\u00dfer Atem kommt, macht also alles richtig! Im Fokus stehen Cardio-\u00dcbungen, die Kraft und Ausdauer fordern.<\/li>\n<li><span style=\"color: #808000;\"><b>Floorplay<\/b><\/span> (Boden\u00fcbungen): Im letzten Teil geht es runter auf die Matte und der Bauch wird trainiert. Abwechslungsreiche Core-\u00dcbungen, also ein Trainieren der K\u00f6rpermitte, beansprachen die gesamte Bauchmuskulatur.\n<p>Die hochintensiven Intervalle bringen deinen K\u00f6rper dazu, noch lange nach dem Workout Kalorien zu verbrennen.<\/p>\n<\/li>\n<\/ol>\n<\/div>\n<\/div>\n\n\n\n<div class=\"wp-block-columns is-layout-flex wp-container-core-columns-is-layout-9d6595d7 wp-block-columns-is-layout-flex\">\n<div class=\"wp-block-column is-layout-flow wp-block-column-is-layout-flow\">\n<figure class=\"wp-block-image size-full\"><img loading=\"lazy\" decoding=\"async\" width=\"613\" height=\"473\" src=\"https:\/\/www.tvgrebin.de\/wp-content\/uploads\/2023\/01\/strong-2.png\" alt=\"\" class=\"wp-image-1011\" srcset=\"https:\/\/www.tvgrebin.de\/wp-content\/uploads\/2023\/01\/strong-2.png 613w, https:\/\/www.tvgrebin.de\/wp-content\/uploads\/2023\/01\/strong-2-300x231.png 300w\" sizes=\"auto, (max-width: 613px) 100vw, 613px\" \/><\/figure>\n<\/div>\n\n\n\n<div class=\"wp-block-column is-layout-flow wp-block-column-is-layout-flow\">\n<h4 style=\"text-align: center;\"><b>F\u00fcr wen ist <\/b><b>STRONG Nation<\/b><sup>\u00ae <\/sup><b>geeignet?<\/b><\/h4>\n<p>F\u00fcr alle, die sich beim Sport gerne richtig auspowern und etwas Neues ausprobieren m\u00f6chten!<\/p>\n<blockquote>\n<p style=\"text-align: center;\">Du glaubst du schaffst das nicht? <br>Jeder kann es schaffen!<\/p>\n<\/blockquote>\n<p>Wir k\u00f6nnen die Intensit\u00e4t der \u00dcbungen auf deinen Fitnesslevel anpassen.<\/p>\n<\/div>\n<\/div>\n\n\n\n<div class=\"wp-block-columns is-layout-flex wp-container-core-columns-is-layout-9d6595d7 wp-block-columns-is-layout-flex\">\n<div class=\"wp-block-column is-layout-flow wp-block-column-is-layout-flow\">\n<h4><b>Wir haben die Interesse geweckt und<\/b> <strong>Du<\/strong><b> hast Lust es auszuprobieren? <\/b><\/h4>\n<p>Wir trainieren <strong>jeden Montag um 19.30 Uhr<\/strong> im Sportheim in Grebin.<\/p>\n<p>Du ben\u00f6tigst ein Handtuch, rutschfeste Schuhe, viel Trinken und eventuell Fitnesshandschuhe bzw. eine Fitnessmatte.<\/p>\n<p>Sobald die Temperaturen es zulassen, trainieren wir an der frischen Luft.<\/p>\n<\/div>\n<\/div>\n\n\n\n<div class=\"wp-block-columns is-layout-flex wp-container-core-columns-is-layout-9d6595d7 wp-block-columns-is-layout-flex\">\n<div class=\"wp-block-column is-layout-flow wp-block-column-is-layout-flow\">\n<h4 style=\"text-align: center;\">Spartenleitung \/ Trainerin: <br>Andrea Tanneberger<\/h4>\n<p>Du erreichst sie unter <a href=\"tel:015238938777\">015238938777<\/a> oder <br>auch per Mail an <a href=\"mailto:a.tanneberger@freenet.de\">a.tanneberger@freenet.de<\/a><\/p>\n<p><\/p>\n<p>More information:<br><a href=\"https:\/\/strong.zumba.com\/de-DE\/about\">www.strong.zumba.com<\/a><\/p>\n<p><\/p>\n<p><span lang=\"en-US\">&nbsp;<\/span><\/p>\n<\/div>\n\n\n\n<div class=\"wp-block-column is-layout-flow wp-block-column-is-layout-flow\">\n<figure class=\"wp-block-image size-full\"><img loading=\"lazy\" decoding=\"async\" width=\"900\" height=\"1200\" src=\"https:\/\/www.tvgrebin.de\/wp-content\/uploads\/2022\/12\/simone-secci-49uySSA678U-unsplash.jpg\" alt=\"\" class=\"wp-image-885\"\/><\/figure>\n<\/div>\n<\/div>\n","protected":false},"excerpt":{"rendered":"<p>Was verbirgt sich hinter dieser Sportart? STRONG Nation\u00ae ist ein muskelbasiertes, hochintensives Trainigsprogramm (HIIT), das Eigengewichts\u00fcbungen, Krafttraining und Cardio-\u00dcbungen kombiniert. Nichts motiviert so stark wie Musik. Sie bringt dich dazu, dein Workout durchzuziehen, bis du die letzte Wiederholung geschafft hast &#8211; und dann noch eine! Jedes Workout beginnt mit einem kurzen Warm-up und endet mit<\/p>\n<div class=\"read-more\"><a href=\"https:\/\/www.tvgrebin.de\/index.php\/sportangebote\/strong-nation\/\" title=\"Read More\">Weiterlesen<i class=\"icon icon-angle-right\"><\/i><\/a><\/div>\n","protected":false},"author":2,"featured_media":1010,"parent":22,"menu_order":0,"comment_status":"open","ping_status":"closed","template":"","meta":{"footnotes":""},"class_list":["post-1009","page","type-page","status-publish","has-post-thumbnail"],"yoast_head":"<!-- This site is optimized with the Yoast SEO plugin v27.4 - https:\/\/yoast.com\/product\/yoast-seo-wordpress\/ -->\n<title>STRONG Nation\u00ae - TV Grebin<\/title>\n<meta name=\"robots\" content=\"index, follow, max-snippet:-1, max-image-preview:large, max-video-preview:-1\" \/>\n<link rel=\"canonical\" href=\"https:\/\/www.tvgrebin.de\/index.php\/sportangebote\/strong-nation\/\" \/>\n<meta property=\"og:locale\" content=\"de_DE\" \/>\n<meta property=\"og:type\" content=\"article\" \/>\n<meta property=\"og:title\" content=\"STRONG Nation\u00ae - TV Grebin\" \/>\n<meta property=\"og:description\" content=\"Was verbirgt sich hinter dieser Sportart? STRONG Nation\u00ae ist ein muskelbasiertes, hochintensives Trainigsprogramm (HIIT), das Eigengewichts\u00fcbungen, Krafttraining und Cardio-\u00dcbungen kombiniert. Nichts motiviert so stark wie Musik. Sie bringt dich dazu, dein Workout durchzuziehen, bis du die letzte Wiederholung geschafft hast &#8211; und dann noch eine! Jedes Workout beginnt mit einem kurzen Warm-up und endet mitWeiterlesen\" \/>\n<meta property=\"og:url\" content=\"https:\/\/www.tvgrebin.de\/index.php\/sportangebote\/strong-nation\/\" \/>\n<meta property=\"og:site_name\" content=\"TV Grebin\" \/>\n<meta property=\"article:modified_time\" content=\"2023-01-28T11:17:59+00:00\" \/>\n<meta property=\"og:image\" content=\"https:\/\/www.tvgrebin.de\/wp-content\/uploads\/2023\/01\/strong.png\" \/>\n\t<meta property=\"og:image:width\" content=\"300\" \/>\n\t<meta property=\"og:image:height\" content=\"150\" \/>\n\t<meta property=\"og:image:type\" content=\"image\/png\" \/>\n<meta name=\"twitter:card\" content=\"summary_large_image\" \/>\n<meta name=\"twitter:label1\" content=\"Gesch\u00e4tzte Lesezeit\" \/>\n\t<meta name=\"twitter:data1\" content=\"3\u00a0Minuten\" \/>\n<script type=\"application\/ld+json\" class=\"yoast-schema-graph\">{\"@context\":\"https:\\\/\\\/schema.org\",\"@graph\":[{\"@type\":\"WebPage\",\"@id\":\"https:\\\/\\\/www.tvgrebin.de\\\/index.php\\\/sportangebote\\\/strong-nation\\\/\",\"url\":\"https:\\\/\\\/www.tvgrebin.de\\\/index.php\\\/sportangebote\\\/strong-nation\\\/\",\"name\":\"STRONG Nation\u00ae - TV Grebin\",\"isPartOf\":{\"@id\":\"https:\\\/\\\/www.tvgrebin.de\\\/#website\"},\"primaryImageOfPage\":{\"@id\":\"https:\\\/\\\/www.tvgrebin.de\\\/index.php\\\/sportangebote\\\/strong-nation\\\/#primaryimage\"},\"image\":{\"@id\":\"https:\\\/\\\/www.tvgrebin.de\\\/index.php\\\/sportangebote\\\/strong-nation\\\/#primaryimage\"},\"thumbnailUrl\":\"https:\\\/\\\/www.tvgrebin.de\\\/wp-content\\\/uploads\\\/2023\\\/01\\\/strong.png\",\"datePublished\":\"2023-01-28T09:57:02+00:00\",\"dateModified\":\"2023-01-28T11:17:59+00:00\",\"breadcrumb\":{\"@id\":\"https:\\\/\\\/www.tvgrebin.de\\\/index.php\\\/sportangebote\\\/strong-nation\\\/#breadcrumb\"},\"inLanguage\":\"de\",\"potentialAction\":[{\"@type\":\"ReadAction\",\"target\":[\"https:\\\/\\\/www.tvgrebin.de\\\/index.php\\\/sportangebote\\\/strong-nation\\\/\"]}]},{\"@type\":\"ImageObject\",\"inLanguage\":\"de\",\"@id\":\"https:\\\/\\\/www.tvgrebin.de\\\/index.php\\\/sportangebote\\\/strong-nation\\\/#primaryimage\",\"url\":\"https:\\\/\\\/www.tvgrebin.de\\\/wp-content\\\/uploads\\\/2023\\\/01\\\/strong.png\",\"contentUrl\":\"https:\\\/\\\/www.tvgrebin.de\\\/wp-content\\\/uploads\\\/2023\\\/01\\\/strong.png\",\"width\":300,\"height\":150},{\"@type\":\"BreadcrumbList\",\"@id\":\"https:\\\/\\\/www.tvgrebin.de\\\/index.php\\\/sportangebote\\\/strong-nation\\\/#breadcrumb\",\"itemListElement\":[{\"@type\":\"ListItem\",\"position\":1,\"name\":\"Startseite\",\"item\":\"https:\\\/\\\/www.tvgrebin.de\\\/\"},{\"@type\":\"ListItem\",\"position\":2,\"name\":\"Sportangebote\",\"item\":\"https:\\\/\\\/www.tvgrebin.de\\\/index.php\\\/sportangebote\\\/\"},{\"@type\":\"ListItem\",\"position\":3,\"name\":\"STRONG Nation\u00ae\"}]},{\"@type\":\"WebSite\",\"@id\":\"https:\\\/\\\/www.tvgrebin.de\\\/#website\",\"url\":\"https:\\\/\\\/www.tvgrebin.de\\\/\",\"name\":\"TV Grebin\",\"description\":\"Turn- und Sportverein von 1927\",\"publisher\":{\"@id\":\"https:\\\/\\\/www.tvgrebin.de\\\/#organization\"},\"potentialAction\":[{\"@type\":\"SearchAction\",\"target\":{\"@type\":\"EntryPoint\",\"urlTemplate\":\"https:\\\/\\\/www.tvgrebin.de\\\/?s={search_term_string}\"},\"query-input\":{\"@type\":\"PropertyValueSpecification\",\"valueRequired\":true,\"valueName\":\"search_term_string\"}}],\"inLanguage\":\"de\"},{\"@type\":\"Organization\",\"@id\":\"https:\\\/\\\/www.tvgrebin.de\\\/#organization\",\"name\":\"TV Grebin\",\"url\":\"https:\\\/\\\/www.tvgrebin.de\\\/\",\"logo\":{\"@type\":\"ImageObject\",\"inLanguage\":\"de\",\"@id\":\"https:\\\/\\\/www.tvgrebin.de\\\/#\\\/schema\\\/logo\\\/image\\\/\",\"url\":\"\",\"contentUrl\":\"\",\"caption\":\"TV Grebin\"},\"image\":{\"@id\":\"https:\\\/\\\/www.tvgrebin.de\\\/#\\\/schema\\\/logo\\\/image\\\/\"}}]}<\/script>\n<!-- \/ Yoast SEO plugin. -->","yoast_head_json":{"title":"STRONG Nation\u00ae - TV Grebin","robots":{"index":"index","follow":"follow","max-snippet":"max-snippet:-1","max-image-preview":"max-image-preview:large","max-video-preview":"max-video-preview:-1"},"canonical":"https:\/\/www.tvgrebin.de\/index.php\/sportangebote\/strong-nation\/","og_locale":"de_DE","og_type":"article","og_title":"STRONG Nation\u00ae - TV Grebin","og_description":"Was verbirgt sich hinter dieser Sportart? STRONG Nation\u00ae ist ein muskelbasiertes, hochintensives Trainigsprogramm (HIIT), das Eigengewichts\u00fcbungen, Krafttraining und Cardio-\u00dcbungen kombiniert. Nichts motiviert so stark wie Musik. Sie bringt dich dazu, dein Workout durchzuziehen, bis du die letzte Wiederholung geschafft hast &#8211; und dann noch eine! Jedes Workout beginnt mit einem kurzen Warm-up und endet mitWeiterlesen","og_url":"https:\/\/www.tvgrebin.de\/index.php\/sportangebote\/strong-nation\/","og_site_name":"TV Grebin","article_modified_time":"2023-01-28T11:17:59+00:00","og_image":[{"width":300,"height":150,"url":"https:\/\/www.tvgrebin.de\/wp-content\/uploads\/2023\/01\/strong.png","type":"image\/png"}],"twitter_card":"summary_large_image","twitter_misc":{"Gesch\u00e4tzte Lesezeit":"3\u00a0Minuten"},"schema":{"@context":"https:\/\/schema.org","@graph":[{"@type":"WebPage","@id":"https:\/\/www.tvgrebin.de\/index.php\/sportangebote\/strong-nation\/","url":"https:\/\/www.tvgrebin.de\/index.php\/sportangebote\/strong-nation\/","name":"STRONG Nation\u00ae - TV Grebin","isPartOf":{"@id":"https:\/\/www.tvgrebin.de\/#website"},"primaryImageOfPage":{"@id":"https:\/\/www.tvgrebin.de\/index.php\/sportangebote\/strong-nation\/#primaryimage"},"image":{"@id":"https:\/\/www.tvgrebin.de\/index.php\/sportangebote\/strong-nation\/#primaryimage"},"thumbnailUrl":"https:\/\/www.tvgrebin.de\/wp-content\/uploads\/2023\/01\/strong.png","datePublished":"2023-01-28T09:57:02+00:00","dateModified":"2023-01-28T11:17:59+00:00","breadcrumb":{"@id":"https:\/\/www.tvgrebin.de\/index.php\/sportangebote\/strong-nation\/#breadcrumb"},"inLanguage":"de","potentialAction":[{"@type":"ReadAction","target":["https:\/\/www.tvgrebin.de\/index.php\/sportangebote\/strong-nation\/"]}]},{"@type":"ImageObject","inLanguage":"de","@id":"https:\/\/www.tvgrebin.de\/index.php\/sportangebote\/strong-nation\/#primaryimage","url":"https:\/\/www.tvgrebin.de\/wp-content\/uploads\/2023\/01\/strong.png","contentUrl":"https:\/\/www.tvgrebin.de\/wp-content\/uploads\/2023\/01\/strong.png","width":300,"height":150},{"@type":"BreadcrumbList","@id":"https:\/\/www.tvgrebin.de\/index.php\/sportangebote\/strong-nation\/#breadcrumb","itemListElement":[{"@type":"ListItem","position":1,"name":"Startseite","item":"https:\/\/www.tvgrebin.de\/"},{"@type":"ListItem","position":2,"name":"Sportangebote","item":"https:\/\/www.tvgrebin.de\/index.php\/sportangebote\/"},{"@type":"ListItem","position":3,"name":"STRONG Nation\u00ae"}]},{"@type":"WebSite","@id":"https:\/\/www.tvgrebin.de\/#website","url":"https:\/\/www.tvgrebin.de\/","name":"TV Grebin","description":"Turn- und Sportverein von 1927","publisher":{"@id":"https:\/\/www.tvgrebin.de\/#organization"},"potentialAction":[{"@type":"SearchAction","target":{"@type":"EntryPoint","urlTemplate":"https:\/\/www.tvgrebin.de\/?s={search_term_string}"},"query-input":{"@type":"PropertyValueSpecification","valueRequired":true,"valueName":"search_term_string"}}],"inLanguage":"de"},{"@type":"Organization","@id":"https:\/\/www.tvgrebin.de\/#organization","name":"TV Grebin","url":"https:\/\/www.tvgrebin.de\/","logo":{"@type":"ImageObject","inLanguage":"de","@id":"https:\/\/www.tvgrebin.de\/#\/schema\/logo\/image\/","url":"","contentUrl":"","caption":"TV Grebin"},"image":{"@id":"https:\/\/www.tvgrebin.de\/#\/schema\/logo\/image\/"}}]}},"_links":{"self":[{"href":"https:\/\/www.tvgrebin.de\/index.php\/wp-json\/wp\/v2\/pages\/1009","targetHints":{"allow":["GET"]}}],"collection":[{"href":"https:\/\/www.tvgrebin.de\/index.php\/wp-json\/wp\/v2\/pages"}],"about":[{"href":"https:\/\/www.tvgrebin.de\/index.php\/wp-json\/wp\/v2\/types\/page"}],"author":[{"embeddable":true,"href":"https:\/\/www.tvgrebin.de\/index.php\/wp-json\/wp\/v2\/users\/2"}],"replies":[{"embeddable":true,"href":"https:\/\/www.tvgrebin.de\/index.php\/wp-json\/wp\/v2\/comments?post=1009"}],"version-history":[{"count":6,"href":"https:\/\/www.tvgrebin.de\/index.php\/wp-json\/wp\/v2\/pages\/1009\/revisions"}],"predecessor-version":[{"id":1042,"href":"https:\/\/www.tvgrebin.de\/index.php\/wp-json\/wp\/v2\/pages\/1009\/revisions\/1042"}],"up":[{"embeddable":true,"href":"https:\/\/www.tvgrebin.de\/index.php\/wp-json\/wp\/v2\/pages\/22"}],"wp:featuredmedia":[{"embeddable":true,"href":"https:\/\/www.tvgrebin.de\/index.php\/wp-json\/wp\/v2\/media\/1010"}],"wp:attachment":[{"href":"https:\/\/www.tvgrebin.de\/index.php\/wp-json\/wp\/v2\/media?parent=1009"}],"curies":[{"name":"wp","href":"https:\/\/api.w.org\/{rel}","templated":true}]}}